) = w + 24. Let i be v(0). Let b(f) = f**3 - 9*f**2 - 9*f + 6. Let z be b(10). Calculate the greatest common factor of i and z.
8
Let z(l) = l**2 - l - 10. Let d be z(6). Let n be (90/d)/((-2)/(-4)). Calculate the greatest common factor of n and 27.
9
Suppose -c + x = 2*c - 77, -c = -x - 23. Let u = 30 - 19. Suppose -3*i + 5*s = -2*i + u, -4*i + 52 = 4*s. What is the highest common divisor of c and i?
9
Suppose -163 = -4*q - f, 0 = -q + 4*f + 13 + 15. Calculate the greatest common divisor of q and 440.
40
Suppose 3*u + 0*n - 39 = -2*n, -5*n + 26 = u. Calculate the greatest common divisor of 110 and u.
11
Let i = -42 + 97. What is the greatest common divisor of 22 and i?
11
Let y be (-12300)/(-70) - (-2)/7. Let k = 19 - 3. What is the greatest common factor of y and k?
16
Suppose 0 = -5*s - 5*w + 33 + 7, 20 = 4*w. Suppose s*o - o - 158 = -2*q, -3*o + 238 = 2*q. Calculate the greatest common factor of o and 10.
10
Let x be (12/9)/(8/(-12)). Let f be -4 + 4 + x + 6. Calculate the greatest common factor of f and 4.
4
Suppose -3*b = -4*i - 31, -9*b + i + 19 = -7*b. What is the highest common divisor of 9 and b?
9
Let g(a) = -a**3 + 8*a**2 + 8*a + 11. Let d be g(9). Suppose 210 = -0*x + d*x. What is the greatest common divisor of 15 and x?
15
Let o be (0 + -1)*(1 + -23). Let t = 8 - 22. Let q(m) = -4*m - 1. Let u be q(t). What is the highest common divisor of o and u?
11
Let j = -93 - -126. What is the greatest common factor of j and 88?
11
Let d(u) = -u**3 - 6*u**2 - 2*u. Let o be d(-6). What is the greatest common factor of o and 24?
12
Let n = 4 + 18. Let a be n + -1*(-1 + -1). Let r = -15 + 23. Calculate the highest common factor of a and r.
8
Suppose -b = b - 20. Suppose 2*l - b = 6. What is the greatest common factor of l and 40?
8
Let k = 160 - 111. Suppose -k = 4*i - 269. What is the greatest common divisor of 22 and i?
11
Let t(n) = 2*n + 11. Let q be t(8). Suppose 0*y - 6*y = -1134. What is the highest common factor of q and y?
27
Let o(l) = -3*l**3 - 5*l**2 - 4*l. Let g be o(-3). Suppose 0 = v - 3*v + 8. Suppose b = v + 2. What is the greatest common factor of g and b?
6
Let z be 0 + 3 - (5 - 2). Suppose -3*n + 2*c = -4, -n + 2*c + z*c = 0. What is the greatest common divisor of 2 and n?
2
Let d(c) = -69*c + 6. Let i be d(-2). What is the highest common factor of 16 and i?
16
Suppose 932 + 36 = 4*p. Let m = -36 + 58. What is the highest common factor of m and p?
22
Suppose -20 = -4*o - 4. Let w = o - 2. Suppose -4*l = -4, 0 = -i - 4*l - l + 7. Calculate the highest common divisor of w and i.
2
Let y(c) = 0*c**2 + 0 + 6*c - 9 - c**3 + 6*c - 6*c**2. Let b be (-17)/2 - (-2)/(-4). Let z be y(b). Calculate the highest common divisor of z and 14.
14
Let q be 3 - (2 + -1 + -1). Suppose -q*n = 4*o - 68 - 158, -4*n - o = -284. What is the highest common divisor of 28 and n?
14
Let o be 1/(4/(-6)*12/(-232)). Suppose l = 4*k + 120, 3*k + 2 = -1. Calculate the greatest common divisor of o and l.
29
Let l(m) = -3*m - 7. Let i be l(-3). What is the greatest common factor of i and 22?
2
Let z(y) = -2*y**3 - 2*y**2 - 4*y - 2. Let g be z(-2). Let r = 129 - 108. Calculate the greatest common factor of r and g.
7
Suppose 0 = n - 0*n + 5*b + 9, -n + 3*b = -7. Suppose 4*h - 17 = -m, -3*h + 10 = 3*m - 23. Calculate the highest common divisor of m and n.
1
Let w = 63 - 47. What is the highest common factor of 80 and w?
16
Let z = 35 + -15. What is the highest common factor of 5 and z?
5
Let q = 31 - 13. Calculate the greatest common divisor of q and 126.
18
Suppose 2*s = 5*s + 75. Let i = s - -41. What is the greatest common factor of i and 24?
8
Let n(p) = 3*p**2 + 6*p + 15. Let k be n(-5). What is the highest common factor of 45 and k?
15
Let o be 33 + -1 + (-9)/3. Let v = 53 - o. Calculate the highest common factor of v and 16.
8
Let g(p) = -p**2 - 20*p + 2. Let z be g(-20). Calculate the greatest common divisor of 4 and z.
2
Let k be (4/2 - (1 - 2)) + 61. Calculate the highest common divisor of k and 32.
32
Suppose 0 = -2*r - 18 + 60. Calculate the highest common divisor of 7 and r.
7
Suppose -148 + 368 = -5*t. Let w be (-2 + t/(-4))/1. What is the highest common factor of 9 and w?
9
Suppose 4 + 95 = 11*w. What is the highest common divisor of w and 2?
1
Let r = 3 - 1. Let m be r/(-4)*(-44)/2. Calculate the greatest common divisor of 55 and m.
11
Let x(h) = 2*h**2 + h - 5. Let p be x(-4). Suppose -i - 4 = 0, -k - p = -i + 6. Let w = -20 - k. Calculate the greatest common divisor of 117 and w.
13
Let o(m) = -6*m - 1. Let c be o(-4). Suppose -4*l = -195 - 265. What is the highest common divisor of l and c?
23
Suppose 4*y = 3*z + 17, 4*z - 4*y + 5*y + 10 = 0. Let m = -3 - z. Suppose -3*a = 0, -u + 2*u + a - 7 = m. What is the greatest common factor of u and 21?
7
Suppose 5*f - 388 + 58 = 0. Suppose i - f = -i. Calculate the highest common factor of 3 and i.
3
Suppose 0 = -8*b + 13*b - 110. Calculate the highest common factor of b and 33.
11
Suppose -5*u + 2*p + 629 = 0, -3*p - p - 133 = -u. Calculate the highest common divisor of u and 50.
25
Suppose 2*u + 2*u = 48. Suppose -9*n - 240 = -u*n. Calculate the greatest common factor of n and 32.
16
Let d(j) = j + 18. Let w be d(-7). Suppose 4*x - w = 45. What is the greatest common divisor of x and 98?
14
Let s(x) = x**3 - 7*x**2 + 8*x - 3. Let m be s(6). Calculate the highest common divisor of m and 36.
9
Suppose 0 = -3*c - 0*c + 36. Let d(b) = -b + 2. Let u(j) = j + 5. Let q be u(-7). Let n be d(q). What is the greatest common factor of c and n?
4
Let r(o) = 4*o + 8. Let s be r(16). Calculate the greatest common divisor of s and 12.
12
Let n = 2 - 2. Suppose 9*h - 4*h - 10 = n. What is the highest common factor of h and 2?
2
Let r = 5 - 3. Suppose -r*b + 4*b = 162. What is the highest common divisor of b and 9?
9
Let r(g) = g**3 - 7*g**2 + 4*g. Let t be r(7). Let m(w) = w**3 + 6*w**2 - 21*w - 12. Let f be m(-8). Calculate the greatest common factor of f and t.
28
Let c = 31 + -52. Let p be 0 - 0 - c*2. Let z be p*((-2)/4)/(-1). What is the greatest common divisor of 14 and z?
7
Let j(w) = -2*w - 1. Let b be j(-8). Let c = b + -13. Calculate the highest common divisor of c and 10.
2
Let a(m) = -3*m + 20. Let z be a(8). Let r be z/18 + 12298/99. Calculate the highest common divisor of r and 31.
31
Let b(w) = -w**3 - w**2 + w - 6. Let i be b(-3). What is the greatest common divisor of i and 27?
9
Suppose 3*c - 6 = 5*v, -4*v - v - 5*c + 10 = 0. Let o be (-15 - v)*8/(-3). What is the greatest common divisor of 10 and o?
10
Suppose -5*p = 7*p - 432. Calculate the greatest common factor of 108 and p.
36
Suppose 8*q - 409 = -57. What is the highest common divisor of q and 22?
22
Let n = -103 + 107. What is the highest common factor of n and 36?
4
Let f(l) = 3*l**2 + 9*l - 4. Let n be f(-8). Suppose 24 = 5*p - n. Calculate the greatest common divisor of p and 42.
14
Let f = 5 + 7. Let s be (-1)/3 + 4/f. Let z(o) = o**2 + 3. Let u be z(s). Calculate the highest common factor of u and 33.
3
Let m = 33 + -15. What is the greatest common factor of 72 and m?
18
Let q be 4/6 + (-4)/6. Suppose q = 4*a - 8 - 4, -15 = 4*l - 5*a. Suppose 7 = f - l. What is the highest common factor of 21 and f?
7
Let y(p) = p + 1. Let u(t) = -3*t**3 - 2*t**2 - 1. Let x be u(-2). Let s be y(x). Let d be (-8 + 0)/(4/(-64)). Calculate the highest common divisor of d and s.
16
Let i be 3 + -4 + (-42)/(-2). Suppose -4*w = -48 + i. Suppose 161 = 3*c - 70. What is the greatest common divisor of c and w?
7
Suppose -3*y + 439 = 124. Suppose -3*m - y = -4*m. What is the highest common divisor of 21 and m?
21
Suppose g - 12 = -4*o, -5*o = 2*g + 3*g - 30. Suppose 2*n = 5*u - 10, -u - 4*u = o*n - 30. Calculate the greatest common divisor of n and 15.
5
Let f(g) = 5*g - 9. Let u be f(9). Suppose 0 = -5*b + b + u. What is the greatest common divisor of b and 99?
9
Let m be ((-1)/3)/((-3)/9). Suppose 4*u - 128 = -3*r, r - 4*u = 15 + m. What is the highest common factor of r and 324?
36
Let q(d) = d - 1. Let f be q(-4). Let c be (-2)/(f + 3) - -127. What is the greatest common divisor of c and 16?
16
Let p(a) = -5*a**3 - a**2 - 2*a. Let r be p(-1). What is the highest common factor of r and 3?
3
Let m = 11 - 8. Suppose -m*r = -20 - 28. What is the greatest co